
{"id":473,"date":"2026-04-16T09:09:22","date_gmt":"2026-04-16T09:09:22","guid":{"rendered":"https:\/\/kinderkultur.net\/shop\/?post_type=product&#038;p=473"},"modified":"2026-04-16T09:14:31","modified_gmt":"2026-04-16T09:14:31","slug":"konzept-auf-unsrer-wiese-gehet-was-als-pdf","status":"publish","type":"product","link":"https:\/\/kinderkultur.net\/shop\/product\/konzept-auf-unsrer-wiese-gehet-was-als-pdf\/","title":{"rendered":"Konzept &#8222;Auf unsrer Wiese gehet was&#8220; als PDF"},"content":{"rendered":"<p>Eine Mappe mit Inhalten f\u00fcr die musikalische Fr\u00fcherziehung in der Kita oder Musikschule f\u00fcr 3,5 bis 6j\u00e4hrige Kinder<br \/>\nPDF als Download<\/p>\n<p>St\u00f6rche sind faszinierende Tiere. Sie fliegen im Winter nach Afrika und wenn sie wiederkommen, dann leben sie hoch oben in Nestern auf den D\u00e4chern in D\u00f6rfern oder auch St\u00e4dten..<\/p>\n<p>Ihr charakteristisches Schnabelklappern hat schon Hoffmann von Fallersleben in seinem Lied \u201eAuf unsrer Wiese gehet was\u201c aufgegriffen und dieses Lied eignet sich noch heute f\u00fcr Rhythmikschulung, Tanz, Gesang und Motorik.<\/p>\n<p>\u201eAuf unsrer Wiese gehet was\u201c ist wieder ein Rundumpaket f\u00fcr die musikalische Fr\u00fcherziehung mit \u00dcberg\u00e4ngen zu anderen Bildungsbereichen: Bewegung, Rhythmik, Sprachf\u00f6rderung, Tanz, Malen, Basteln. Einsetzbar in der Kita, Grundschule oder Musikschule. Mit fertigen Mal- und Bastelvorlagen und Anleitungen zum Instrumentenbau.<\/p>\n<p>Viele Ideen auch f\u00fcr den Morgenkreis oder kleinen Auff\u00fchrungen.<\/p>\n","protected":false},"excerpt":{"rendered":"<p>Konzept steht nach dem Bezahlen als PDF Download bereit<\/p>\n","protected":false},"featured_media":471,"comment_status":"closed","ping_status":"closed","template":"","meta":[],"product_brand":[],"product_cat":[18],"product_tag":[],"class_list":{"0":"post-473","1":"product","2":"type-product","3":"status-publish","4":"has-post-thumbnail","6":"product_cat-musikkonzepte","7":"with-featured-image","9":"first","10":"instock","11":"downloadable","12":"virtual","13":"purchasable","14":"product-type-simple"},"yoast_head":"<!-- This site is optimized with the Yoast SEO plugin v26.8 - https:\/\/yoast.com\/product\/yoast-seo-wordpress\/ -->\n<title>Konzept &quot;Auf unsrer Wiese gehet was&quot; als PDF - KIKU Shop<\/title>\n<meta name=\"robots\" content=\"index, follow, max-snippet:-1, max-image-preview:large, max-video-preview:-1\" \/>\n<link rel=\"canonical\" href=\"https:\/\/kinderkultur.net\/shop\/product\/konzept-auf-unsrer-wiese-gehet-was-als-pdf\/\" \/>\n<meta property=\"og:locale\" content=\"de_DE\" \/>\n<meta property=\"og:type\" content=\"article\" \/>\n<meta property=\"og:title\" content=\"Konzept &quot;Auf unsrer Wiese gehet was&quot; als PDF - KIKU Shop\" \/>\n<meta property=\"og:description\" content=\"Konzept steht nach dem Bezahlen als PDF Download bereit\" \/>\n<meta property=\"og:url\" content=\"https:\/\/kinderkultur.net\/shop\/product\/konzept-auf-unsrer-wiese-gehet-was-als-pdf\/\" \/>\n<meta property=\"og:site_name\" content=\"KIKU Shop\" \/>\n<meta property=\"article:modified_time\" content=\"2026-04-16T09:14:31+00:00\" \/>\n<meta property=\"og:image\" content=\"https:\/\/kinderkultur.net\/shop\/wp-content\/uploads\/2026\/04\/Cover1.jpg\" \/>\n\t<meta property=\"og:image:width\" content=\"1323\" \/>\n\t<meta property=\"og:image:height\" content=\"1058\" \/>\n\t<meta property=\"og:image:type\" content=\"image\/jpeg\" \/>\n<meta name=\"twitter:card\" content=\"summary_large_image\" \/>\n<meta name=\"twitter:label1\" content=\"Gesch\u00e4tzte Lesezeit\" \/>\n\t<meta name=\"twitter:data1\" content=\"1\u00a0Minute\" \/>\n<script type=\"application\/ld+json\" class=\"yoast-schema-graph\">{\"@context\":\"https:\/\/schema.org\",\"@graph\":[{\"@type\":\"WebPage\",\"@id\":\"https:\/\/kinderkultur.net\/shop\/product\/konzept-auf-unsrer-wiese-gehet-was-als-pdf\/\",\"url\":\"https:\/\/kinderkultur.net\/shop\/product\/konzept-auf-unsrer-wiese-gehet-was-als-pdf\/\",\"name\":\"Konzept \\\"Auf unsrer Wiese gehet was\\\" als PDF - KIKU Shop\",\"isPartOf\":{\"@id\":\"https:\/\/kinderkultur.net\/shop\/#website\"},\"primaryImageOfPage\":{\"@id\":\"https:\/\/kinderkultur.net\/shop\/product\/konzept-auf-unsrer-wiese-gehet-was-als-pdf\/#primaryimage\"},\"image\":{\"@id\":\"https:\/\/kinderkultur.net\/shop\/product\/konzept-auf-unsrer-wiese-gehet-was-als-pdf\/#primaryimage\"},\"thumbnailUrl\":\"https:\/\/kinderkultur.net\/shop\/wp-content\/uploads\/2026\/04\/Cover1.jpg\",\"datePublished\":\"2026-04-16T09:09:22+00:00\",\"dateModified\":\"2026-04-16T09:14:31+00:00\",\"breadcrumb\":{\"@id\":\"https:\/\/kinderkultur.net\/shop\/product\/konzept-auf-unsrer-wiese-gehet-was-als-pdf\/#breadcrumb\"},\"inLanguage\":\"de\",\"potentialAction\":[{\"@type\":\"ReadAction\",\"target\":[\"https:\/\/kinderkultur.net\/shop\/product\/konzept-auf-unsrer-wiese-gehet-was-als-pdf\/\"]}]},{\"@type\":\"ImageObject\",\"inLanguage\":\"de\",\"@id\":\"https:\/\/kinderkultur.net\/shop\/product\/konzept-auf-unsrer-wiese-gehet-was-als-pdf\/#primaryimage\",\"url\":\"https:\/\/kinderkultur.net\/shop\/wp-content\/uploads\/2026\/04\/Cover1.jpg\",\"contentUrl\":\"https:\/\/kinderkultur.net\/shop\/wp-content\/uploads\/2026\/04\/Cover1.jpg\",\"width\":1323,\"height\":1058},{\"@type\":\"BreadcrumbList\",\"@id\":\"https:\/\/kinderkultur.net\/shop\/product\/konzept-auf-unsrer-wiese-gehet-was-als-pdf\/#breadcrumb\",\"itemListElement\":[{\"@type\":\"ListItem\",\"position\":1,\"name\":\"Home\",\"item\":\"https:\/\/kinderkultur.net\/shop\/\"},{\"@type\":\"ListItem\",\"position\":2,\"name\":\"Konzept &#8222;Auf unsrer Wiese gehet was&#8220; als PDF\"}]},{\"@type\":\"WebSite\",\"@id\":\"https:\/\/kinderkultur.net\/shop\/#website\",\"url\":\"https:\/\/kinderkultur.net\/shop\/\",\"name\":\"KIKU Shop\",\"description\":\"\",\"potentialAction\":[{\"@type\":\"SearchAction\",\"target\":{\"@type\":\"EntryPoint\",\"urlTemplate\":\"https:\/\/kinderkultur.net\/shop\/?s={search_term_string}\"},\"query-input\":{\"@type\":\"PropertyValueSpecification\",\"valueRequired\":true,\"valueName\":\"search_term_string\"}}],\"inLanguage\":\"de\"}]}<\/script>\n<!-- \/ Yoast SEO plugin. -->","yoast_head_json":{"title":"Konzept \"Auf unsrer Wiese gehet was\" als PDF - KIKU Shop","robots":{"index":"index","follow":"follow","max-snippet":"max-snippet:-1","max-image-preview":"max-image-preview:large","max-video-preview":"max-video-preview:-1"},"canonical":"https:\/\/kinderkultur.net\/shop\/product\/konzept-auf-unsrer-wiese-gehet-was-als-pdf\/","og_locale":"de_DE","og_type":"article","og_title":"Konzept \"Auf unsrer Wiese gehet was\" als PDF - KIKU Shop","og_description":"Konzept steht nach dem Bezahlen als PDF Download bereit","og_url":"https:\/\/kinderkultur.net\/shop\/product\/konzept-auf-unsrer-wiese-gehet-was-als-pdf\/","og_site_name":"KIKU Shop","article_modified_time":"2026-04-16T09:14:31+00:00","og_image":[{"width":1323,"height":1058,"url":"https:\/\/kinderkultur.net\/shop\/wp-content\/uploads\/2026\/04\/Cover1.jpg","type":"image\/jpeg"}],"twitter_card":"summary_large_image","twitter_misc":{"Gesch\u00e4tzte Lesezeit":"1\u00a0Minute"},"schema":{"@context":"https:\/\/schema.org","@graph":[{"@type":"WebPage","@id":"https:\/\/kinderkultur.net\/shop\/product\/konzept-auf-unsrer-wiese-gehet-was-als-pdf\/","url":"https:\/\/kinderkultur.net\/shop\/product\/konzept-auf-unsrer-wiese-gehet-was-als-pdf\/","name":"Konzept \"Auf unsrer Wiese gehet was\" als PDF - KIKU Shop","isPartOf":{"@id":"https:\/\/kinderkultur.net\/shop\/#website"},"primaryImageOfPage":{"@id":"https:\/\/kinderkultur.net\/shop\/product\/konzept-auf-unsrer-wiese-gehet-was-als-pdf\/#primaryimage"},"image":{"@id":"https:\/\/kinderkultur.net\/shop\/product\/konzept-auf-unsrer-wiese-gehet-was-als-pdf\/#primaryimage"},"thumbnailUrl":"https:\/\/kinderkultur.net\/shop\/wp-content\/uploads\/2026\/04\/Cover1.jpg","datePublished":"2026-04-16T09:09:22+00:00","dateModified":"2026-04-16T09:14:31+00:00","breadcrumb":{"@id":"https:\/\/kinderkultur.net\/shop\/product\/konzept-auf-unsrer-wiese-gehet-was-als-pdf\/#breadcrumb"},"inLanguage":"de","potentialAction":[{"@type":"ReadAction","target":["https:\/\/kinderkultur.net\/shop\/product\/konzept-auf-unsrer-wiese-gehet-was-als-pdf\/"]}]},{"@type":"ImageObject","inLanguage":"de","@id":"https:\/\/kinderkultur.net\/shop\/product\/konzept-auf-unsrer-wiese-gehet-was-als-pdf\/#primaryimage","url":"https:\/\/kinderkultur.net\/shop\/wp-content\/uploads\/2026\/04\/Cover1.jpg","contentUrl":"https:\/\/kinderkultur.net\/shop\/wp-content\/uploads\/2026\/04\/Cover1.jpg","width":1323,"height":1058},{"@type":"BreadcrumbList","@id":"https:\/\/kinderkultur.net\/shop\/product\/konzept-auf-unsrer-wiese-gehet-was-als-pdf\/#breadcrumb","itemListElement":[{"@type":"ListItem","position":1,"name":"Home","item":"https:\/\/kinderkultur.net\/shop\/"},{"@type":"ListItem","position":2,"name":"Konzept &#8222;Auf unsrer Wiese gehet was&#8220; als PDF"}]},{"@type":"WebSite","@id":"https:\/\/kinderkultur.net\/shop\/#website","url":"https:\/\/kinderkultur.net\/shop\/","name":"KIKU Shop","description":"","potentialAction":[{"@type":"SearchAction","target":{"@type":"EntryPoint","urlTemplate":"https:\/\/kinderkultur.net\/shop\/?s={search_term_string}"},"query-input":{"@type":"PropertyValueSpecification","valueRequired":true,"valueName":"search_term_string"}}],"inLanguage":"de"}]}},"jetpack_sharing_enabled":true,"_links":{"self":[{"href":"https:\/\/kinderkultur.net\/shop\/wp-json\/wp\/v2\/product\/473","targetHints":{"allow":["GET"]}}],"collection":[{"href":"https:\/\/kinderkultur.net\/shop\/wp-json\/wp\/v2\/product"}],"about":[{"href":"https:\/\/kinderkultur.net\/shop\/wp-json\/wp\/v2\/types\/product"}],"replies":[{"embeddable":true,"href":"https:\/\/kinderkultur.net\/shop\/wp-json\/wp\/v2\/comments?post=473"}],"wp:featuredmedia":[{"embeddable":true,"href":"https:\/\/kinderkultur.net\/shop\/wp-json\/wp\/v2\/media\/471"}],"wp:attachment":[{"href":"https:\/\/kinderkultur.net\/shop\/wp-json\/wp\/v2\/media?parent=473"}],"wp:term":[{"taxonomy":"product_brand","embeddable":true,"href":"https:\/\/kinderkultur.net\/shop\/wp-json\/wp\/v2\/product_brand?post=473"},{"taxonomy":"product_cat","embeddable":true,"href":"https:\/\/kinderkultur.net\/shop\/wp-json\/wp\/v2\/product_cat?post=473"},{"taxonomy":"product_tag","embeddable":true,"href":"https:\/\/kinderkultur.net\/shop\/wp-json\/wp\/v2\/product_tag?post=473"}],"curies":[{"name":"wp","href":"https:\/\/api.w.org\/{rel}","templated":true}]}}